{"id":127,"date":"2023-04-06T02:07:37","date_gmt":"2023-04-06T00:07:37","guid":{"rendered":"https:\/\/www.monparfumideal.fr\/?post_type=product&#038;p=127"},"modified":"2023-08-04T01:37:24","modified_gmt":"2023-08-03T23:37:24","slug":"parfum-kirke","status":"publish","type":"product","link":"https:\/\/www.monparfumideal.fr\/?product=parfum-kirke","title":{"rendered":"Parfum &#8220;Kirke&#8221;"},"content":{"rendered":"<p class=\"_04xlpA direction-ltr para-style-body align-justify\"><span class=\"S1PPyQ\">Note de t\u00eate: Fruit de la passion, P\u00eache, Poire, Framboise, Cassis<\/span><\/p>\n<p class=\"_04xlpA direction-ltr align-start para-style-body\"><span class=\"S1PPyQ\">Note de c\u0153ur: Muguet<\/span><\/p>\n<p class=\"_04xlpA direction-ltr align-justify para-style-body\"><span class=\"S1PPyQ\">Note de fond: Musc, Vanille, Bois, Patchouli<\/span><\/p>\n","protected":false},"excerpt":{"rendered":"<p>Note de t\u00eate: Fruit de la passion, P\u00eache, Poire, Framboise, Cassis Note de c\u0153ur: Muguet Note de fond: Musc, Vanille, Bois, Patchouli<\/p>\n","protected":false},"featured_media":207,"comment_status":"open","ping_status":"closed","template":"","meta":[],"product_cat":[31,25,20,18],"product_tag":[],"_links":{"self":[{"href":"https:\/\/www.monparfumideal.fr\/index.php?rest_route=\/wp\/v2\/product\/127"}],"collection":[{"href":"https:\/\/www.monparfumideal.fr\/index.php?rest_route=\/wp\/v2\/product"}],"about":[{"href":"https:\/\/www.monparfumideal.fr\/index.php?rest_route=\/wp\/v2\/types\/product"}],"replies":[{"embeddable":true,"href":"https:\/\/www.monparfumideal.fr\/index.php?rest_route=%2Fwp%2Fv2%2Fcomments&post=127"}],"wp:featuredmedia":[{"embeddable":true,"href":"https:\/\/www.monparfumideal.fr\/index.php?rest_route=\/wp\/v2\/media\/207"}],"wp:attachment":[{"href":"https:\/\/www.monparfumideal.fr\/index.php?rest_route=%2Fwp%2Fv2%2Fmedia&parent=127"}],"wp:term":[{"taxonomy":"product_cat","embeddable":true,"href":"https:\/\/www.monparfumideal.fr\/index.php?rest_route=%2Fwp%2Fv2%2Fproduct_cat&post=127"},{"taxonomy":"product_tag","embeddable":true,"href":"https:\/\/www.monparfumideal.fr\/index.php?rest_route=%2Fwp%2Fv2%2Fproduct_tag&post=127"}],"curies":[{"name":"wp","href":"https:\/\/api.w.org\/{rel}","templated":true}]}}